t d = j + 108. What is the units digit of d?
5
Suppose -435*n = -437*n + 1302. What is the tens digit of n?
5
Suppose 4*p + 20 = 2*i, 4*p + 24 = 2*i - p. Let k be 47 - ((-4)/i + 0). Suppose 7 - k = -6*c. What is the units digit of c?
7
Suppose 0*l - 3*l = -36. Let y = 38 - l. Suppose 5*f = -2*n + 120, -84 = -5*f - 4*n + y. What is the units digit of f?
6
Suppose -11*l = -6*l + 10. Let t = 38 + l. What is the units digit of ((-12)/t)/((-2)/12)?
2
Let v be (-4)/(-2) + (4 - 2) + -2. Suppose 1 - 3 = v*r + 4*f, 0 = r + 4*f + 9. What is the units digit of r?
7
Suppose -12 = 2*t + 4*g - 48, -2*g - 30 = -5*t. Suppose 6*m = 2*m + t. Suppose 0 = -6*r + m*r + 40. What is the units digit of r?
0
Let o = 2352 + -692. What is the thousands digit of o?
1
Suppose 0 = 5*i - 4*u - 34, 0 = -i + 3*u - 2*u + 7. Suppose i*v + v = 917. What is the tens digit of v?
3
Let c = 78 + 134. Let m = -104 + c. What is the tens digit of m?
0
Suppose 0 = 988*y - 994*y + 7014. What is the hundreds digit of y?
1
Let f(o) = -27*o - 23. Suppose 4*z - 5 = -33. What is the units digit of f(z)?
6
Let p be 5 - -15*3/(-9). Let v(c) = -4*c**2 + c - 33. Let m(y) = y**2 - y + 1. Let n(d) = -3*m(d) - v(d). What is the units digit of n(p)?
0
Let g(f) be the first derivative of 2/3*f**3 - 14*f - 11 - 1/2*f**2. What is the units digit of g(-6)?
4
Let z = 28 - 25. Suppose 5*r + 42 = -3*f, -r - z*f - 26 = -8. What is the units digit of (-2 - r) + (10 - 5)?
9
Suppose 67*i - 92*i = -45775. What is the hundreds digit of i?
8
Let k = 206 - -511. What is the tens digit of k?
1
Let v be (-3)/(0 + 2 + -5). Let k(l) = 2*l + 1. Let r be k(v). What is the units digit of (-7)/(-21) - (-65)/r?
2
Suppose 5*y + 0*i - 2*i = 12, -3*i = -2*y + 7. Suppose -y*m = m - 210. What is the units digit of m?
0
Let n = 108 - 369. Let y = 492 + n. What is the hundreds digit of y?
2
Let q = 24 - 17. Suppose -6*o + 7 = -11. Suppose 4*x = -o*n - 3, -2 - q = -2*n + x. What is the units digit of n?
3
Suppose 2*l - 7*l - 2*q + 3977 = 0, -1586 = -2*l - 2*q. What is the units digit of l?
7
Suppose -4*m - 4*c = -272, -4 + 3 = -c. Let t = -29 + m. Suppose -2*j + 132 = 4*x, 3*j + 0*j = -x + t. What is the tens digit of x?
3
Let u = 473 - 261. Suppose q = 51 + u. What is the tens digit of q?
6
Suppose -3 - 8 = -2*c + q, 4*c = -5*q + 15. Suppose -3*l + 0*p = p + 5, -2*l - c*p = 25. Suppose -3*x + 6 = l, -2*x - 1 = -m - 0. What is the units digit of m?
5
Suppose 87*q + 2052 = 96*q. What is the hundreds digit of q?
2
Let l(w) = -4*w - 78. What is the units digit of l(-20)?
2
Suppose 2*k + 0*k = -4*g + 96, -4*k + 5*g = -166. Suppose -4*m = 5*a - 33 - 22, k = 4*a - 5*m. What is the units digit of a?
1
Suppose 0 = 4*z - 12, 4*d - 12*z - 14813 = -7*z. What is the thousands digit of d?
3
Let a = 32 + -7. Let t = -37 + 22. Let q = t + a. What is the tens digit of q?
1
Suppose 0*z + z + 9 = 0. Let q(s) = -3*s**2 - 11*s - 7. Let o be q(-5). What is the units digit of 55/3 - z/o?
8
Let x(h) = h**3 + 6*h**2 - h - 1. Let l be x(-6). Suppose -j - l*r + 18 + 24 = 0, -4*r = 3*j - 126. What is the tens digit of j?
4
Suppose -2*s = 2*g + 154, 4*s - 183 = 5*g + 202. Let h = -36 - g. What is the units digit of h?
1
Suppose 3*i + 3*y + 87 - 9 = 0, -2*i - 3*y = 57. Let t be ((-4)/6)/(1/(-54)). Let l = i + t. What is the tens digit of l?
1
Let b(a) = a**2 + 11*a + 9. Let h be b(-10). Let f = 1 - h. Suppose -7*q = -f*q - 160. What is the tens digit of q?
3
Suppose 0 = -3*m + c + 13, 0 = 4*m + m - 3*c - 27. Suppose -2*l = -5*n + 128, -m*n + 0*n = l - 68. What is the units digit of n?
4
Let g(p) = 4*p**2 + 14*p - 72. What is the hundreds digit of g(19)?
6
Suppose 3 - 15 = -4*m. Let k be 16/m + 8/(-24). What is the units digit of (-15)/k + 4 + 3?
4
What is the units digit of 4/(-6)*-1 - 16458/(-18)?
5
Let d(s) = 101*s - 236. What is the units digit of d(4)?
8
Suppose t - 8 = -5*s + 3*t, -3*s + 1 = -5*t. Suppose 0 = -2*g - 6, s*g - 6 - 66 = -3*k. Let x = k - 20. What is the units digit of x?
6
Suppose 5*q + 0*q + 20 = 0, -60 = -2*x + 2*q. What is the tens digit of x?
2
Suppose -13*f + 17988 + 8480 = 0. What is the thousands digit of f?
2
Suppose 0 = -2*d, -2*b + 13*d + 1614 = 9*d. What is the tens digit of b?
0
Let f be (5 + 54)/((-5)/(-40)). Suppose -6*n + 2*n = -f. What is the hundreds digit of n?
1
Let i(o) be the third derivative of 0 + 2/3*o**3 - 1/60*o**5 + 1/8*o**4 + 0*o - 3*o**2. What is the units digit of i(3)?
4
Suppose -5*d - 12 = -5*h + 18, -2*d = -4*h + 16. Let x be (h - 5) + 67 + -3. Suppose -11*r = -10*r - x. What is the tens digit of r?
6
Suppose -4*y + 6*q = 10*q - 7028, -7030 = -4*y - 3*q. What is the units digit of y?
9
Let j(n) = n**2 + 16*n + 13. Let w(c) = -c**2 - c - 1. Let d(b) = -j(b) - 4*w(b). What is the hundreds digit of d(9)?
1
Suppose -3*z + 8*z - 4*x - 1420 = 0, 0 = 3*x. What is the units digit of z?
4
Let l = 201 + 2178. What is the thousands digit of l?
2
Let r = 579 - 302. Let a = -149 + r. What is the tens digit of a?
2
Suppose 0 = -5*p - 11 - 109. What is the tens digit of (-8)/p - (-76)/6?
1
Suppose -3*z - 50 = -5*i - 575, 0 = 4*i + 4*z + 388. Let f = i - -253. What is the hundreds digit of f?
1
Let q = -2 + 14. Suppose -5*p + 242 = q. What is the units digit of p?
6
Let k = 761 - -681. What is the hundreds digit of k?
4
Let k = 11498 + -7683. What is the units digit of k?
5
Suppose 4*k + 655 = 5*x, 5*x = -3*k - 0*k + 655. What is the hundreds digit of x?
1
Let q(g) = 11 + 0*g + 6*g + 18. What is the units digit of q(5)?
9
Suppose -4*l - 6 = -2*d + 1280, 2585 = 4*d + 5*l. What is the hundreds digit of d?
6
Let n = 95 + -25. What is the tens digit of n?
7
What is the units digit of 64/4 + 9 + -2*1?
3
Let y be ((-27)/(-18))/(3/28). What is the hundreds digit of 2*2*392/y?
1
Let w(o) = -3*o**2 - 29. Let r be w(0). Let s = 104 + r. What is the units digit of s?
5
Suppose -g + q - 20 = 7, 2*q = -5*g - 163. Let t = g + 48. What is the units digit of t?
7
What is the hundreds digit of (1114 - 8) + 8/(-8)?
1
Suppose -53*n = -47*n - 4410. What is the hundreds digit of n?
7
Suppose 495 - 11212 = -7*i. What is the thousands digit of i?
1
What is the units digit of 6 + (8 - -469) - (-3 - 1)?
7
What is the hundreds digit of (-8)/(-6)*4038/8?
6
Suppose 2543 = 3*z - 5*w, -2*z + 776 = 4*w - 890. What is the units digit of z?
1
Let k(l) = -78*l - 13. Let g be k(-13). Suppose -3*q - 254 = -g. What is the hundreds digit of q?
2
What is the tens digit of (-3*540)/(((-522)/12)/29)?
8
What is the units digit of (-216)/180*-100*(-18)/(-4)?
0
Let p = -11 - -18. Suppose -4*n + t + 37 = p, 34 = 4*n + t. Let v = n + 19. What is the units digit of v?
7
Let c = 1475 - -2841. What is the units digit of c?
6
Let h(p) be the first derivative of -p**4/2 - 7*p**3/3 - 2*p**2 - 17*p + 12. What is the hundreds digit of h(-6)?
1
Suppose -4*p - 33 = y, -7*p - 4*y - 28 = -4*p. Let v = -11 - p. Let k = v - -4. What is the units digit of k?
1
Let b be (2 - 5)*(-58)/(-3). Let i = b + 152. What is the units digit of i?
4
Suppose -2*f + 3*j + 125 = 14, 168 = 3*f - 4*j. Let v = 57 + -46. Let q = f - v. What is the units digit of q?
9
Let t be 3 - 1/(-2)*2. Let b = -8 + 8. Suppose b*m + 8 = t*m. What is the units digit of m?
2
Let i be ((-6)/(-4))/((-15)/(-20)). Let k be 3 - (-8 - (-2)/i). What is the tens digit of (6/k)/((-3)/(-135))?
2
Let l(u) = -2*u**2 + 4*u. Let r be l(3). Let w = r + 12. Suppose 4*h + 9 = b, -w = -2*b - 2*h + 4*h. What is the units digit of b?
1
Let z(m) be the first derivative of -m**5/20 - m**4/4 - m**3/2 + m**2 + 7*m - 12. Let s(r) be the first derivative of z(r). What is the tens digit of s(-4)?
3
Let x(a) = a**3 - 7*a**2 + 8*a - 15. Let y be x(6). Let w = y - -4. What is the units digit of w?
1
Let u(g) = -3*g**3 - 11*g**2 + 8*g + 11. Let z(h) = -h**3 - h**2. Let a(k) = u(k) - 2*z(k). What is the tens digit of a(-10)?
3
Let b(w) = w**3 - 17*w**2 + 3. Let h be b(17). Suppose 4*x + 9 - 287 = -h*n, -5*x + 371 = 4*n. What is the units digit of n?
4
Let n(m) = -36*m - 181. Let z(u) = -24*u - 121. Let p(b) = -5*n(b) + 8*z(b). What is the tens digit of p(-18)?
5
Let y be ((-21)/(-9) + -2)/((-1)/(-6)). Suppose 3*j - 414 = -y*a, -3*j + 331 = -4*a - 65. What is the tens digit of j?
3
What is the units digit of 3854 + 20/10 + -6?
0
Let d be (4/6)/(4/